{"version":"1.0","provider_name":"Recherches de Science Religieuse","provider_url":"https:\/\/dev.centtreize.com\/rsr","author_name":"revue@dmin","author_url":"https:\/\/dev.centtreize.com\/rsr\/author\/revuedmin\/","title":"Quo Vadis ? Au sujet de l\u2019importance du Concile Vatican II ... - Recherches de Science Religieuse","type":"rich","width":600,"height":338,"html":"<blockquote class=\"wp-embedded-content\" data-secret=\"Wrlvc7IOeh\"><a href=\"https:\/\/dev.centtreize.com\/rsr\/article\/quo-vadis\/\">Quo Vadis ? Au sujet de l\u2019importance du Concile Vatican II &#8230;<\/a><\/blockquote><iframe sandbox=\"allow-scripts\" security=\"restricted\" src=\"https:\/\/dev.centtreize.com\/rsr\/article\/quo-vadis\/embed\/#?secret=Wrlvc7IOeh\" width=\"600\" height=\"338\" title=\"\u00ab\u00a0Quo Vadis ? Au sujet de l\u2019importance du Concile Vatican II &#8230;\u00a0\u00bb &#8212; Recherches de Science Religieuse\" data-secret=\"Wrlvc7IOeh\" frameborder=\"0\" marginwidth=\"0\" marginheight=\"0\" scrolling=\"no\" class=\"wp-embedded-content\"><\/iframe><script>\n\/*! This file is auto-generated *\/\n!function(d,l){\"use strict\";l.querySelector&&d.addEventListener&&\"undefined\"!=typeof URL&&(d.wp=d.wp||{},d.wp.receiveEmbedMessage||(d.wp.receiveEmbedMessage=function(e){var t=e.data;if((t||t.secret||t.message||t.value)&&!\/[^a-zA-Z0-9]\/.test(t.secret)){for(var s,r,n,a=l.querySelectorAll('iframe[data-secret=\"'+t.secret+'\"]'),o=l.querySelectorAll('blockquote[data-secret=\"'+t.secret+'\"]'),c=new RegExp(\"^https?:$\",\"i\"),i=0;i<o.length;i++)o[i].style.display=\"none\";for(i=0;i<a.length;i++)s=a[i],e.source===s.contentWindow&&(s.removeAttribute(\"style\"),\"height\"===t.message?(1e3<(r=parseInt(t.value,10))?r=1e3:~~r<200&&(r=200),s.height=r):\"link\"===t.message&&(r=new URL(s.getAttribute(\"src\")),n=new URL(t.value),c.test(n.protocol))&&n.host===r.host&&l.activeElement===s&&(d.top.location.href=t.value))}},d.addEventListener(\"message\",d.wp.receiveEmbedMessage,!1),l.addEventListener(\"DOMContentLoaded\",function(){for(var e,t,s=l.querySelectorAll(\"iframe.wp-embedded-content\"),r=0;r<s.length;r++)(t=(e=s[r]).getAttribute(\"data-secret\"))||(t=Math.random().toString(36).substring(2,12),e.src+=\"#?secret=\"+t,e.setAttribute(\"data-secret\",t)),e.contentWindow.postMessage({message:\"ready\",secret:t},\"*\")},!1)))}(window,document);\n\/\/# sourceURL=https:\/\/dev.centtreize.com\/rsr\/wp-includes\/js\/wp-embed.min.js\n<\/script>\n","description":"Cinquante ans apr\u00e8s le d\u00e9but de Vatican II , la discussion intellectuelle au sujet du concile et de ses textes perdure, dans une grande diversit\u00e9 des approches et, avant tout, un d\u00e9bat contradictoire quant \u00e0 son \u00e9valuation fondamentale et son importance. Dans ce cadre, se pose la question de l\u2019\u00e9valuation des affirmations du concile Vatican II sous l\u2019angle de lav\u00e9rit\u00e9 enseign\u00e9e et du caract\u00e8re obligatoire des documents qu\u2019il a produits. L\u2019auteur de cet article, partie prenante du grand commentaire de Herder, a pos\u00e9 la question du statut du discours que portent les textes du concile. Le cinqui\u00e8me volume du commentaire propose ainsi une cl\u00e9, en d\u00e9finissant le corpus des textes de Vatican II comme un&nbsp;\u00ab&nbsp;texte constitutionnel de la foi&nbsp;\u00bb. En tant que tel, il a un caract\u00e8re magist\u00e9riel obligatoire, mais reste aussi fondamentalement ouvert, tributaire de sa traduction concr\u00e8te dans la praxis croyante du peuple de Dieu, de la gouvernance eccl\u00e9siale, du travail th\u00e9ologico-canonique, et de la formulation des r\u00e8gles."}

Cinquante ans après le début de Vatican II , la discussion intellectuelle au sujet du concile et de ses textes perdure, dans une grande diversité des approches et, avant tout, un débat contradictoire quant à son évaluation fondamentale et son importance. Dans ce cadre, se pose la question de l’évaluation des affirmations du concile Vatican II sous l’angle de lavérité enseignée et du caractère obligatoire des documents qu’il a produits. L’auteur de cet article, partie prenante du grand commentaire de Herder, a posé la question du statut du discours que portent les textes du concile. Le cinquième volume du commentaire propose ainsi une clé, en définissant le corpus des textes de Vatican II comme un&nbsp;«&nbsp;texte constitutionnel de la foi&nbsp;». En tant que tel, il a un caractère magistériel obligatoire, mais reste aussi fondamentalement ouvert, tributaire de sa traduction concrète dans la praxis croyante du peuple de Dieu, de la gouvernance ecclésiale, du travail théologico-canonique, et de la formulation des règles.
