{"version":"1.0","provider_name":"Recherches de Science Religieuse","provider_url":"https:\/\/dev.centtreize.com\/rsr","author_name":"revue@dmin","author_url":"https:\/\/dev.centtreize.com\/rsr\/author\/revuedmin\/","title":"Karl Barth, th\u00e9oricien de la pr\u00e9dication - Recherches de Science Religieuse","type":"rich","width":600,"height":338,"html":"<blockquote class=\"wp-embedded-content\" data-secret=\"uBqpmEgV7E\"><a href=\"https:\/\/dev.centtreize.com\/rsr\/article\/karl-barth-theoricien-de-la-predication\/\">Karl Barth, th\u00e9oricien de la pr\u00e9dication<\/a><\/blockquote><iframe sandbox=\"allow-scripts\" security=\"restricted\" src=\"https:\/\/dev.centtreize.com\/rsr\/article\/karl-barth-theoricien-de-la-predication\/embed\/#?secret=uBqpmEgV7E\" width=\"600\" height=\"338\" title=\"\u00ab\u00a0Karl Barth, th\u00e9oricien de la pr\u00e9dication\u00a0\u00bb &#8212; Recherches de Science Religieuse\" data-secret=\"uBqpmEgV7E\" frameborder=\"0\" marginwidth=\"0\" marginheight=\"0\" scrolling=\"no\" class=\"wp-embedded-content\"><\/iframe><script>\n\/*! This file is auto-generated *\/\n!function(d,l){\"use strict\";l.querySelector&&d.addEventListener&&\"undefined\"!=typeof URL&&(d.wp=d.wp||{},d.wp.receiveEmbedMessage||(d.wp.receiveEmbedMessage=function(e){var t=e.data;if((t||t.secret||t.message||t.value)&&!\/[^a-zA-Z0-9]\/.test(t.secret)){for(var s,r,n,a=l.querySelectorAll('iframe[data-secret=\"'+t.secret+'\"]'),o=l.querySelectorAll('blockquote[data-secret=\"'+t.secret+'\"]'),c=new RegExp(\"^https?:$\",\"i\"),i=0;i<o.length;i++)o[i].style.display=\"none\";for(i=0;i<a.length;i++)s=a[i],e.source===s.contentWindow&&(s.removeAttribute(\"style\"),\"height\"===t.message?(1e3<(r=parseInt(t.value,10))?r=1e3:~~r<200&&(r=200),s.height=r):\"link\"===t.message&&(r=new URL(s.getAttribute(\"src\")),n=new URL(t.value),c.test(n.protocol))&&n.host===r.host&&l.activeElement===s&&(d.top.location.href=t.value))}},d.addEventListener(\"message\",d.wp.receiveEmbedMessage,!1),l.addEventListener(\"DOMContentLoaded\",function(){for(var e,t,s=l.querySelectorAll(\"iframe.wp-embedded-content\"),r=0;r<s.length;r++)(t=(e=s[r]).getAttribute(\"data-secret\"))||(t=Math.random().toString(36).substring(2,12),e.src+=\"#?secret=\"+t,e.setAttribute(\"data-secret\",t)),e.contentWindow.postMessage({message:\"ready\",secret:t},\"*\")},!1)))}(window,document);\n\/\/# sourceURL=https:\/\/dev.centtreize.com\/rsr\/wp-includes\/js\/wp-embed.min.js\n<\/script>\n","description":"La&nbsp;\u00ab\u00a0th\u00e9orie\u00a0\u00bb de la pr\u00e9dication de Barth comme&nbsp;\u00ab\u00a0th\u00e9ologie de la Parole de Dieu\u00a0\u00bb a \u00e9t\u00e9 remise en question au d\u00e9but des ann\u00e9es 60 alors qu\u2019elle \u00e9tait constitu\u00e9e depuis les ann\u00e9es 20. Qu\u2019en est-il exactement de cette conception trop peu connue dans son exactitude, en France notamment\u00a0? Soucieux de pratique, Barth con\u00e7oit d\u2019abord la pr\u00e9dication comme une Theologia viatorum et semble affirmer le caract\u00e8re divin de la parole de la pr\u00e9dication. Or, la difficult\u00e9, voire l\u2019\u00e9chec, de celle-ci en rappelle le caract\u00e8re de terrible humanit\u00e9. Ainsi passe-t-il&nbsp;\u00ab\u00a0d\u2019une attestation indirecte du Christ\u00a0\u00bb dans la pr\u00e9dicaiton de l\u2019\u00e9glise, \u00e0 une&nbsp;\u00ab\u00a0pr\u00e9dication, service de la parole de Dieu\u00a0\u00bb, compte tenu de ce que seul le Christ, en d\u00e9finitive, est Parole de Dieu, et que la charge de pr\u00e9dication appartient \u00e0 toute la&nbsp;\u00ab\u00a0communaut\u00e9 de t\u00e9moins\u00a0\u00bb."}

Karl Barth, théoricien de la prédication - Recherches de Science Religieuse

<blockquote class="wp-embedded-content" data-secret="uBqpmEgV7E"><a href="https://dev.centtreize.com/rsr/article/karl-barth-theoricien-de-la-predication/">Karl Barth, théoricien de la prédication</a></blockquote><iframe sandbox="allow-scripts" security="restricted" src="https://dev.centtreize.com/rsr/article/karl-barth-theoricien-de-la-predication/embed/#?secret=uBqpmEgV7E" width="600" height="338" title="« Karl Barth, théoricien de la prédication » &#8212; Recherches de Science Religieuse" data-secret="uBqpmEgV7E" frameborder="0" marginwidth="0" marginheight="0" scrolling="no" class="wp-embedded-content"></iframe><script>
/*! This file is auto-generated */
!function(d,l){"use strict";l.querySelector&&d.addEventListener&&"undefined"!=typeof URL&&(d.wp=d.wp||{},d.wp.receiveEmbedMessage||(d.wp.receiveEmbedMessage=function(e){var t=e.data;if((t||t.secret||t.message||t.value)&&!/[^a-zA-Z0-9]/.test(t.secret)){for(var s,r,n,a=l.querySelectorAll('iframe[data-secret="'+t.secret+'"]'),o=l.querySelectorAll('blockquote[data-secret="'+t.secret+'"]'),c=new RegExp("^https?:$","i"),i=0;i<o.length;i++)o[i].style.display="none";for(i=0;i<a.length;i++)s=a[i],e.source===s.contentWindow&&(s.removeAttribute("style"),"height"===t.message?(1e3<(r=parseInt(t.value,10))?r=1e3:~~r<200&&(r=200),s.height=r):"link"===t.message&&(r=new URL(s.getAttribute("src")),n=new URL(t.value),c.test(n.protocol))&&n.host===r.host&&l.activeElement===s&&(d.top.location.href=t.value))}},d.addEventListener("message",d.wp.receiveEmbedMessage,!1),l.addEventListener("DOMContentLoaded",function(){for(var e,t,s=l.querySelectorAll("iframe.wp-embedded-content"),r=0;r<s.length;r++)(t=(e=s[r]).getAttribute("data-secret"))||(t=Math.random().toString(36).substring(2,12),e.src+="#?secret="+t,e.setAttribute("data-secret",t)),e.contentWindow.postMessage({message:"ready",secret:t},"*")},!1)))}(window,document);
//# sourceURL=https://dev.centtreize.com/rsr/wp-includes/js/wp-embed.min.js
</script>

La&nbsp;« théorie » de la prédication de Barth comme&nbsp;« théologie de la Parole de Dieu » a été remise en question au début des années 60 alors qu’elle était constituée depuis les années 20. Qu’en est-il exactement de cette conception trop peu connue dans son exactitude, en France notamment ? Soucieux de pratique, Barth conçoit d’abord la prédication comme une Theologia viatorum et semble affirmer le caractère divin de la parole de la prédication. Or, la difficulté, voire l’échec, de celle-ci en rappelle le caractère de terrible humanité. Ainsi passe-t-il&nbsp;« d’une attestation indirecte du Christ » dans la prédicaiton de l’église, à une&nbsp;« prédication, service de la parole de Dieu », compte tenu de ce que seul le Christ, en définitive, est Parole de Dieu, et que la charge de prédication appartient à toute la&nbsp;« communauté de témoins ».
