{"version":"1.0","provider_name":"Recherches de Science Religieuse","provider_url":"https:\/\/dev.centtreize.com\/rsr","author_name":"revue@dmin","author_url":"https:\/\/dev.centtreize.com\/rsr\/author\/revuedmin\/","title":"Dimensions historiques de l\u2019id\u00e9e de concile - Recherches de Science Religieuse","type":"rich","width":600,"height":338,"html":"<blockquote class=\"wp-embedded-content\" data-secret=\"nGiK5GfGoE\"><a href=\"https:\/\/dev.centtreize.com\/rsr\/article\/dimensions-historiques-de-lidee-de-concile\/\">Dimensions historiques de l\u2019id\u00e9e de concile<\/a><\/blockquote><iframe sandbox=\"allow-scripts\" security=\"restricted\" src=\"https:\/\/dev.centtreize.com\/rsr\/article\/dimensions-historiques-de-lidee-de-concile\/embed\/#?secret=nGiK5GfGoE\" width=\"600\" height=\"338\" title=\"\u00ab\u00a0Dimensions historiques de l\u2019id\u00e9e de concile\u00a0\u00bb &#8212; Recherches de Science Religieuse\" data-secret=\"nGiK5GfGoE\" frameborder=\"0\" marginwidth=\"0\" marginheight=\"0\" scrolling=\"no\" class=\"wp-embedded-content\"><\/iframe><script>\n\/*! This file is auto-generated *\/\n!function(d,l){\"use strict\";l.querySelector&&d.addEventListener&&\"undefined\"!=typeof URL&&(d.wp=d.wp||{},d.wp.receiveEmbedMessage||(d.wp.receiveEmbedMessage=function(e){var t=e.data;if((t||t.secret||t.message||t.value)&&!\/[^a-zA-Z0-9]\/.test(t.secret)){for(var s,r,n,a=l.querySelectorAll('iframe[data-secret=\"'+t.secret+'\"]'),o=l.querySelectorAll('blockquote[data-secret=\"'+t.secret+'\"]'),c=new RegExp(\"^https?:$\",\"i\"),i=0;i<o.length;i++)o[i].style.display=\"none\";for(i=0;i<a.length;i++)s=a[i],e.source===s.contentWindow&&(s.removeAttribute(\"style\"),\"height\"===t.message?(1e3<(r=parseInt(t.value,10))?r=1e3:~~r<200&&(r=200),s.height=r):\"link\"===t.message&&(r=new URL(s.getAttribute(\"src\")),n=new URL(t.value),c.test(n.protocol))&&n.host===r.host&&l.activeElement===s&&(d.top.location.href=t.value))}},d.addEventListener(\"message\",d.wp.receiveEmbedMessage,!1),l.addEventListener(\"DOMContentLoaded\",function(){for(var e,t,s=l.querySelectorAll(\"iframe.wp-embedded-content\"),r=0;r<s.length;r++)(t=(e=s[r]).getAttribute(\"data-secret\"))||(t=Math.random().toString(36).substring(2,12),e.src+=\"#?secret=\"+t,e.setAttribute(\"data-secret\",t)),e.contentWindow.postMessage({message:\"ready\",secret:t},\"*\")},!1)))}(window,document);\n\/\/# sourceURL=https:\/\/dev.centtreize.com\/rsr\/wp-includes\/js\/wp-embed.min.js\n<\/script>\n","description":"Les conciles, qui font partie de la vie de l\u2019Eglise depuis les temps les plus anciens, sont fortement marqu\u00e9s par leur contexte culturel respectif, de sorte que l\u2019institution a subi, au fil des si\u00e8cles, nombre de changements ext\u00e9rieurs. Malgr\u00e9 cela, une m\u00eame essence est reconnaissable. Ainsi, pour tous les conciles, il s\u2019agit d\u2019\u00e9tablir et de constater un consensus tant en mati\u00e8re de discipline eccl\u00e9siastique que dans les questions de foi. C\u2019est en ce sens que les anciens conciles entendaient \u00eatre le lieu d\u2019\u00e9mergence d\u2019un double consensus, horizontal et vertical. Malgr\u00e9 les al\u00e9as de l\u2019histoire, qui malmen\u00e8rent souvent cet id\u00e9al consensuel, les conciles veulent avoir en commun avec l\u2019Eglise leur caract\u00e8re \u00e0 la fois divin et humain."}

Dimensions historiques de l’idée de concile - Recherches de Science Religieuse

<blockquote class="wp-embedded-content" data-secret="nGiK5GfGoE"><a href="https://dev.centtreize.com/rsr/article/dimensions-historiques-de-lidee-de-concile/">Dimensions historiques de l’idée de concile</a></blockquote><iframe sandbox="allow-scripts" security="restricted" src="https://dev.centtreize.com/rsr/article/dimensions-historiques-de-lidee-de-concile/embed/#?secret=nGiK5GfGoE" width="600" height="338" title="« Dimensions historiques de l’idée de concile » &#8212; Recherches de Science Religieuse" data-secret="nGiK5GfGoE" frameborder="0" marginwidth="0" marginheight="0" scrolling="no" class="wp-embedded-content"></iframe><script>
/*! This file is auto-generated */
!function(d,l){"use strict";l.querySelector&&d.addEventListener&&"undefined"!=typeof URL&&(d.wp=d.wp||{},d.wp.receiveEmbedMessage||(d.wp.receiveEmbedMessage=function(e){var t=e.data;if((t||t.secret||t.message||t.value)&&!/[^a-zA-Z0-9]/.test(t.secret)){for(var s,r,n,a=l.querySelectorAll('iframe[data-secret="'+t.secret+'"]'),o=l.querySelectorAll('blockquote[data-secret="'+t.secret+'"]'),c=new RegExp("^https?:$","i"),i=0;i<o.length;i++)o[i].style.display="none";for(i=0;i<a.length;i++)s=a[i],e.source===s.contentWindow&&(s.removeAttribute("style"),"height"===t.message?(1e3<(r=parseInt(t.value,10))?r=1e3:~~r<200&&(r=200),s.height=r):"link"===t.message&&(r=new URL(s.getAttribute("src")),n=new URL(t.value),c.test(n.protocol))&&n.host===r.host&&l.activeElement===s&&(d.top.location.href=t.value))}},d.addEventListener("message",d.wp.receiveEmbedMessage,!1),l.addEventListener("DOMContentLoaded",function(){for(var e,t,s=l.querySelectorAll("iframe.wp-embedded-content"),r=0;r<s.length;r++)(t=(e=s[r]).getAttribute("data-secret"))||(t=Math.random().toString(36).substring(2,12),e.src+="#?secret="+t,e.setAttribute("data-secret",t)),e.contentWindow.postMessage({message:"ready",secret:t},"*")},!1)))}(window,document);
//# sourceURL=https://dev.centtreize.com/rsr/wp-includes/js/wp-embed.min.js
</script>

Les conciles, qui font partie de la vie de l’Eglise depuis les temps les plus anciens, sont fortement marqués par leur contexte culturel respectif, de sorte que l’institution a subi, au fil des siècles, nombre de changements extérieurs. Malgré cela, une même essence est reconnaissable. Ainsi, pour tous les conciles, il s’agit d’établir et de constater un consensus tant en matière de discipline ecclésiastique que dans les questions de foi. C’est en ce sens que les anciens conciles entendaient être le lieu d’émergence d’un double consensus, horizontal et vertical. Malgré les aléas de l’histoire, qui malmenèrent souvent cet idéal consensuel, les conciles veulent avoir en commun avec l’Eglise leur caractère à la fois divin et humain.
